{"id":14116,"date":"2024-03-18T14:20:54","date_gmt":"2024-03-18T11:20:54","guid":{"rendered":"https:\/\/buyukadayarimaratonu.com\/?page_id=14116"},"modified":"2025-12-16T14:54:03","modified_gmt":"2025-12-16T11:54:03","slug":"genel-kurallar","status":"publish","type":"page","link":"https:\/\/buyukadayarimaratonu.com\/index.php\/genel-kurallar\/","title":{"rendered":"Genel Kurallar"},"content":{"rendered":"<p>[vc_row][vc_column][vc_tta_tabs style=&#8221;modern&#8221; color=&#8221;peacoc&#8221; alignment=&#8221;center&#8221; active_section=&#8221;1&#8243;][vc_tta_section title=&#8221;Kategori&#8221; tab_id=&#8221;1710759779371-afdb9616-fc3d&#8221;][vc_empty_space][vc_custom_heading text=&#8221;Bireysel Yar\u0131\u015f&#8221; font_container=&#8221;tag:h3|font_size:22px|text_align:left&#8221; google_fonts=&#8221;font_family:Alfa%20Slab%20One%3Aregular|font_style:400%20regular%3A400%3Anormal&#8221;][vc_separator][vc_empty_space][vc_column_text]Yar\u0131\u015fmay\u0131 ba\u015far\u0131yla bitiren herkese kat\u0131l\u0131m madalyas\u0131 verilecektir. Ayr\u0131ca genel klasman ve a\u015fa\u011f\u0131daki tabloda belirtilen ya\u015f kategorilerinde ilk \u00fc\u00e7e giren kad\u0131n ve erkek sporculara kupa verilecektir.<\/p>\n<p>\u00d6d\u00fcl s\u0131ralamas\u0131 genel klasmandan ba\u015flayarak yap\u0131lacakt\u0131r. Genel klasmanda dereceye giren sporcular ya\u015f kategorisi tasnifine dahil edilmeyecektir.<\/p>\n<p>Sponsor \u00f6d\u00fclleri daha sonra ilan edilecektir.<\/p>\n<table width=\"387\">\n<tbody>\n<tr>\n<td colspan=\"2\" width=\"387\"><strong>21 Km &#8211; 10 Km &#8211; 5 Km&nbsp;Kad\u0131n ve Erkek Ya\u015f Kategorileri<\/strong><\/td>\n<\/tr>\n<tr>\n<td width=\"166\"><strong>Kategori<\/strong><\/td>\n<td width=\"222\"><strong>Do\u011fum Y\u0131llar\u0131<\/strong><\/td>\n<\/tr>\n<tr>\n<td width=\"166\"><strong>18-35 Ya\u015f <\/strong><\/td>\n<td width=\"222\">27.09.2008 &#8211; 1991<\/td>\n<\/tr>\n<tr>\n<td width=\"166\"><strong>36-45 Ya\u015f<\/strong><\/td>\n<td width=\"222\">1990 &#8211; 1981<\/td>\n<\/tr>\n<tr>\n<td width=\"166\"><strong>46-55Ya\u015f<\/strong><\/td>\n<td width=\"222\">1980 &#8211; 1971<\/td>\n<\/tr>\n<tr>\n<td width=\"166\"><strong>56+<\/strong><\/td>\n<td width=\"222\">-1970<\/td>\n<\/tr>\n<\/tbody>\n<\/table>\n<p>[\/vc_column_text][\/vc_tta_section][vc_tta_section title=&#8221;Kay\u0131t \u00dccretleri&#8221; tab_id=&#8221;1710759779378-a726ac9a-a62d&#8221;]<div class=\"sc_table\" style=\"width:100%;\"><\/p>\n<table>\n<tbody>\n<tr>\n<td style=\"text-align: center;\" colspan=\"4\" width=\"604\"><strong style=\"color: #ffffff!important;\">27 Eyl\u00fcl 2026 Decathlon B\u00fcy\u00fckada Yar\u0131 Maratonu Kay\u0131t \u00dccretleri<\/strong><\/td>\n<\/tr>\n<tr>\n<td width=\"151\">\u00a0<\/td>\n<td style=\"text-align: center;\" width=\"151\"><strong>Erken Kay\u0131t Tarihleri<\/strong><\/td>\n<td style=\"text-align: center;\" width=\"151\"><strong>Normal Kay\u0131t Tarihleri<\/strong><\/td>\n<td style=\"text-align: center;\" width=\"151\"><strong>Ge\u00e7 Kay\u0131t Tarihleri<\/strong><\/td>\n<\/tr>\n<tr>\n<td width=\"151\">Yar\u0131\u015fma<\/td>\n<td style=\"text-align: center;\" width=\"151\">\u00a022 Aral\u0131k 2025 \u2013 1 Mart 2026 Erken Kay\u0131t D\u00f6nemi<\/td>\n<td style=\"text-align: center;\" width=\"151\">1 Mart 2026 \u2013 31 A\u011fustos 2026 Normal Kay\u0131t D\u00f6nemi<\/td>\n<td style=\"text-align: center;\" width=\"151\">1 Eyl\u00fcl 2026 \u2013 20 Eyl\u00fcl 2026 Ge\u00e7 Kay\u0131t D\u00f6nemi<\/td>\n<\/tr>\n<tr>\n<td width=\"151\">Yar\u0131 Maraton \u2013 21 Km<\/td>\n<td style=\"text-align: center;\" width=\"151\">1400 TL<\/td>\n<td style=\"text-align: center;\" width=\"151\">1600 TL<\/td>\n<td style=\"text-align: center;\" width=\"151\">1800 TL<\/td>\n<\/tr>\n<tr>\n<td width=\"151\">10 Km<\/td>\n<td style=\"text-align: center;\" width=\"151\">1400 TL<\/td>\n<td style=\"text-align: center;\" width=\"151\">1600 TL<\/td>\n<td style=\"text-align: center;\" width=\"151\">1800 TL<\/td>\n<\/tr>\n<tr>\n<td width=\"151\">5 Km<\/td>\n<td style=\"text-align: center;\" width=\"151\">1300 TL<\/td>\n<td style=\"text-align: center;\" width=\"151\">1500 TL<\/td>\n<td style=\"text-align: center;\" width=\"151\">1700 TL<\/td>\n<\/tr>\n<\/tbody>\n<\/table>\n<p><\/div>[vc_column_text]* Kay\u0131t fiyatlar\u0131nda, \u00f6deme yap\u0131lan tarih esas al\u0131n\u0131r.<br \/>\n* Kat\u0131l\u0131m kontenjanlarla s\u0131n\u0131rl\u0131d\u0131r.<br \/>\n* Organizasyon firmas\u0131 kat\u0131l\u0131m \u00fccretlerini g\u00fcncelleme hakk\u0131na sahiptir.[\/vc_column_text][vc_empty_space][vc_row_inner][vc_column_inner width=&#8221;1\/2&#8243;][vc_text_separator title=&#8221;\u00d6deme Y\u00f6ntemi&#8221;][vc_empty_space height=&#8221;16px&#8221;][vc_column_text]<\/p>\n<p style=\"text-align: center;\">Decathlon B\u00fcy\u00fckada Yar\u0131 Maratonu\u2019na online \u00f6deme sistemi sayesinde kredi kart\u0131 veya EFT\/Havale y\u00f6ntemi ile kay\u0131t olabilirsiniz.<\/p>\n<p style=\"text-align: center;\">Yar\u0131\u015fa kat\u0131l\u0131mdan herhangi bir sebeple vazge\u00e7ildi\u011fi takdirde para iadesi m\u00fcmk\u00fcn de\u011fildir.<\/p>\n<p>[\/vc_column_text][\/vc_column_inner][vc_column_inner width=&#8221;1\/2&#8243;][vc_text_separator title=&#8221;De\u011fi\u015fiklik Ko\u015fullar\u0131&#8221;][vc_empty_space height=&#8221;16px&#8221;][vc_column_text]<\/p>\n<p style=\"text-align: center;\">Kay\u0131t \u00fccreti veya g\u00f6\u011f\u00fcs numaras\u0131 ba\u015fkas\u0131na devredilemez.<\/p>\n<p style=\"text-align: center;\">Kategori\/Parkur de\u011fi\u015fikli\u011fi istekleri yar\u0131\u015fman\u0131n online kay\u0131tlar\u0131 a\u00e7\u0131kken \u015fu \u015fekilde kar\u015f\u0131lan\u0131r;<\/p>\n<p style=\"text-align: center;\">Yar\u0131\u015fma g\u00fcn\u00fcne 80 g\u00fcnden daha fazla varsa \u00fccretsiz de\u011fi\u015fiklik, 79-40 g\u00fcn aras\u0131nda de\u011fi\u015fiklik \u00fccreti i\u00e7in 90TL, 40 g\u00fcnden daha az s\u00fcrelerde 130TL de\u011fi\u015fiklik \u00fccreti al\u0131n\u0131r.<\/p>\n<p style=\"text-align: center;\">14 Eyl\u00fcl 2026 tarihinden sonra <b>hi\u00e7bir \u015fekilde kategori ve parkur de\u011fi\u015fkili\u011fi yap\u0131lmayacakt\u0131r.<\/b><\/p>\n<p>[\/vc_column_text][\/vc_column_inner][\/vc_row_inner][\/vc_tta_section][vc_tta_section title=&#8221;Sertifika&#8221; tab_id=&#8221;1710760814425-7eeff244-b615&#8243;][vc_column_text]<a href=\"https:\/\/buyukadayarimaratonu.com\/wp-content\/uploads\/2023\/07\/yaris_sertifikasi.jpg\"><img loading=\"lazy\" class=\"aligncenter wp-image-10687 size-large\" src=\"https:\/\/buyukadayarimaratonu.com\/wp-content\/uploads\/2023\/07\/yaris_sertifikasi-1024x719.jpg\" alt=\"\" width=\"1024\" height=\"719\" srcset=\"https:\/\/buyukadayarimaratonu.com\/wp-content\/uploads\/2023\/07\/yaris_sertifikasi-1024x719.jpg 1024w, https:\/\/buyukadayarimaratonu.com\/wp-content\/uploads\/2023\/07\/yaris_sertifikasi-300x211.jpg 300w, https:\/\/buyukadayarimaratonu.com\/wp-content\/uploads\/2023\/07\/yaris_sertifikasi-768x539.jpg 768w, https:\/\/buyukadayarimaratonu.com\/wp-content\/uploads\/2023\/07\/yaris_sertifikasi.jpg 1304w\" sizes=\"(max-width: 1024px) 100vw, 1024px\" \/><\/a>[\/vc_column_text][\/vc_tta_section][\/vc_tta_tabs][\/vc_column][\/vc_row]<\/p>\n","protected":false},"excerpt":{"rendered":"<p>[vc_row][vc_column][vc_tta_tabs style=&#8221;modern&#8221; color=&#8221;peacoc&#8221; alignment=&#8221;center&#8221; active_section=&#8221;1&#8243;][vc_tta_section title=&#8221;Kategori&#8221; tab_id=&#8221;1710759779371-afdb9616-fc3d&#8221;][vc_empty_space][vc_custom_heading text=&#8221;Bireysel Yar\u0131\u015f&#8221; font_container=&#8221;tag:h3|font_size:22px|text_align:left&#8221; google_fonts=&#8221;font_family:Alfa%20Slab%20One%3Aregular|font_style:400%20regular%3A400%3Anormal&#8221;][vc_separator][vc_empty_space][vc_column_text]Yar\u0131\u015fmay\u0131 ba\u015far\u0131yla bitiren herkese kat\u0131l\u0131m madalyas\u0131 verilecektir. Ayr\u0131ca genel klasman ve a\u015fa\u011f\u0131daki tabloda belirtilen ya\u015f kategorilerinde ilk \u00fc\u00e7e giren kad\u0131n ve erkek sporculara kupa verilecektir. \u00d6d\u00fcl s\u0131ralamas\u0131 genel klasmandan ba\u015flayarak yap\u0131lacakt\u0131r. Genel klasmanda dereceye giren sporcular ya\u015f kategorisi tasnifine dahil edilmeyecektir. Sponsor \u00f6d\u00fclleri daha sonra [&hellip;]<\/p>\n","protected":false},"author":1,"featured_media":0,"parent":0,"menu_order":0,"comment_status":"closed","ping_status":"closed","template":"","meta":{"ngg_post_thumbnail":0},"_links":{"self":[{"href":"https:\/\/buyukadayarimaratonu.com\/index.php\/wp-json\/wp\/v2\/pages\/14116"}],"collection":[{"href":"https:\/\/buyukadayarimaratonu.com\/index.php\/wp-json\/wp\/v2\/pages"}],"about":[{"href":"https:\/\/buyukadayarimaratonu.com\/index.php\/wp-json\/wp\/v2\/types\/page"}],"author":[{"embeddable":true,"href":"https:\/\/buyukadayarimaratonu.com\/index.php\/wp-json\/wp\/v2\/users\/1"}],"replies":[{"embeddable":true,"href":"https:\/\/buyukadayarimaratonu.com\/index.php\/wp-json\/wp\/v2\/comments?post=14116"}],"version-history":[{"count":32,"href":"https:\/\/buyukadayarimaratonu.com\/index.php\/wp-json\/wp\/v2\/pages\/14116\/revisions"}],"predecessor-version":[{"id":22869,"href":"https:\/\/buyukadayarimaratonu.com\/index.php\/wp-json\/wp\/v2\/pages\/14116\/revisions\/22869"}],"wp:attachment":[{"href":"https:\/\/buyukadayarimaratonu.com\/index.php\/wp-json\/wp\/v2\/media?parent=14116"}],"curies":[{"name":"wp","href":"https:\/\/api.w.org\/{rel}","templated":true}]}}